{"id":28,"date":"2023-03-22T19:36:39","date_gmt":"2023-03-22T18:36:39","guid":{"rendered":"https:\/\/multitom.pl\/?page_id=28"},"modified":"2023-03-22T20:13:42","modified_gmt":"2023-03-22T19:13:42","slug":"uslugi","status":"publish","type":"page","link":"https:\/\/multitom.pl\/index.php\/uslugi\/","title":{"rendered":"Us\u0142ugi"},"content":{"rendered":"\n<ul class=\"wp-block-list\">\n<li>Prowadzenie ksi\u0105g rachunkowych dla klient\u00f3w, w tym rejestracja i ewidencjonowanie operacji gospodarczych, przygotowywanie zestawie\u0144 finansowych, prowadzenie rejestru sprzeda\u017cy i zakup\u00f3w oraz sporz\u0105dzanie deklaracji podatkowych.<\/li>\n\n\n\n<li>Obs\u0142uga p\u0142acowa i kadrowa, w tym przygotowywanie um\u00f3w o prac\u0119, rozliczanie wynagrodze\u0144, sk\u0142adek ZUS i podatk\u00f3w, prowadzenie ewidencji czasu pracy oraz sporz\u0105dzanie raport\u00f3w i deklaracji.<\/li>\n\n\n\n<li>Doradztwo podatkowe i finansowe, w tym udzielanie porad w zakresie podatk\u00f3w, prowadzenie analiz finansowych, przygotowywanie plan\u00f3w finansowych i biznesowych, jak r\u00f3wnie\u017c doradztwo w zakresie optymalizacji podatkowej.<\/li>\n\n\n\n<li>Rejestracja dzia\u0142alno\u015bci gospodarczej, w tym pomoc w za\u0142o\u017ceniu firmy oraz uzyskaniu niezb\u0119dnych zezwole\u0144 i dokument\u00f3w.<\/li>\n\n\n\n<li>Sporz\u0105dzanie dokumentacji dotycz\u0105cej transakcji mi\u0119dzynarodowych, w tym rozliczenia VAT, podatk\u00f3w dochodowych i c\u0142a.<\/li>\n\n\n\n<li>Doradztwo w zakresie rachunkowo\u015bci i zarz\u0105dzania finansami, w tym analizowanie sytuacji finansowej klient\u00f3w, doradzanie w zakresie planowania bud\u017cetu i inwestycji oraz wdra\u017canie procedur i system\u00f3w kontrolnych.<\/li>\n\n\n\n<li>Obs\u0142uga spraw podatkowych, w tym reprezentowanie klient\u00f3w przed organami podatkowymi, sporz\u0105dzanie odwo\u0142a\u0144 i skarg, jak r\u00f3wnie\u017c udzielanie porad w zakresie post\u0119powa\u0144 podatkowych.<\/li>\n\n\n\n<li>Audyt i rewizja finansowa, w tym przeprowadzanie niezale\u017cnej kontroli ksi\u0105g rachunkowych i sprawozda\u0144 finansowych.<\/li>\n\n\n\n<li>Szkolenia i doradztwo w zakresie aktualnych przepis\u00f3w podatkowych i rachunkowych, jak r\u00f3wnie\u017c prowadzenie szkole\u0144 z zakresu prowadzenia ksi\u0119gowo\u015bci i obs\u0142ugi program\u00f3w finansowo-ksi\u0119gowych.<\/li>\n\n\n\n<li>Archiwizacja dokument\u00f3w i prowadzenie elektronicznych rejestr\u00f3w, umo\u017cliwiaj\u0105cych klientom \u0142atwy i szybki dost\u0119p do swoich dokument\u00f3w i informacji finansowych.<\/li>\n<\/ul>\n","protected":false},"excerpt":{"rendered":"","protected":false},"author":1,"featured_media":0,"parent":0,"menu_order":0,"comment_status":"closed","ping_status":"closed","template":"","meta":{"footnotes":""},"class_list":["post-28","page","type-page","status-publish","hentry"],"_links":{"self":[{"href":"https:\/\/multitom.pl\/index.php\/wp-json\/wp\/v2\/pages\/28","targetHints":{"allow":["GET"]}}],"collection":[{"href":"https:\/\/multitom.pl\/index.php\/wp-json\/wp\/v2\/pages"}],"about":[{"href":"https:\/\/multitom.pl\/index.php\/wp-json\/wp\/v2\/types\/page"}],"author":[{"embeddable":true,"href":"https:\/\/multitom.pl\/index.php\/wp-json\/wp\/v2\/users\/1"}],"replies":[{"embeddable":true,"href":"https:\/\/multitom.pl\/index.php\/wp-json\/wp\/v2\/comments?post=28"}],"version-history":[{"count":3,"href":"https:\/\/multitom.pl\/index.php\/wp-json\/wp\/v2\/pages\/28\/revisions"}],"predecessor-version":[{"id":48,"href":"https:\/\/multitom.pl\/index.php\/wp-json\/wp\/v2\/pages\/28\/revisions\/48"}],"wp:attachment":[{"href":"https:\/\/multitom.pl\/index.php\/wp-json\/wp\/v2\/media?parent=28"}],"curies":[{"name":"wp","href":"https:\/\/api.w.org\/{rel}","templated":true}]}}